{"id":1532,"date":"2021-07-30T06:17:01","date_gmt":"2021-07-30T06:17:01","guid":{"rendered":"https:\/\/www.elektroenergype.com\/?post_type=product&#038;p=1532"},"modified":"2023-12-19T04:25:22","modified_gmt":"2023-12-19T04:25:22","slug":"vmp-s4","status":"publish","type":"product","link":"https:\/\/www.elektroenergype.com\/?product=vmp-s4","title":{"rendered":"VMP-S4"},"content":{"rendered":"<p>Veh\u00edculo de movilidad personal (VMP) tambi\u00e9n conocido como bicimoto con bater\u00eda extra\u00edble de Litio 48V14AH y motor 350W. Cuenta con velocidad m\u00e1xima de 25 km\/h, velocidad crucero y autonom\u00eda de 35 a 45 km en promedio.<\/p>\n<p>Para mayor seguridad este veh\u00edculo tiene un faro con potente luz led de tipo halo. Adem\u00e1s, posee funci\u00f3n de parking temporal, luz de freno y luces direccionales; caracter\u00edsticas que permiten a los dem\u00e1s conductores anticipar tus pr\u00f3ximas maniobras mientras conduces.<\/p>\n<p>Como componentes adicionales el veh\u00edculo cuenta con porta celular regulable con puerto USB, amplia canasta frontal, potente bocina, control inal\u00e1mbrico y dos llaves.<\/p>\n<p>Largo: 145 cm.<\/p>\n<p>Ancho: 61 cm.<\/p>\n<p>Altura: 103 cm<\/p>\n<p>&nbsp;<\/p>\n","protected":false},"excerpt":{"rendered":"<table width=\"1529\">\n<tbody>\n<tr>\n<td width=\"413\">Motor:<\/td>\n<td width=\"1116\">\u00a0350W (Nominal)<\/td>\n<\/tr>\n<tr>\n<td width=\"413\">Bater\u00eda:<\/td>\n<td width=\"1116\">\u00a0<b>48V14AH, Litio LMO, Extra\u00edble<\/b><\/td>\n<\/tr>\n<tr>\n<td width=\"413\">Tiempo de Carga:<\/td>\n<td width=\"1116\">\u00a03 &#8211; 5 hrs. en promedio (Bater\u00eda al 50% aprox.) \/ hasta 6 &#8211; 8 hrs. en promedio (Bater\u00eda al 20% aprox.)<\/td>\n<\/tr>\n<tr>\n<td width=\"413\">Vida \u00datil Bater\u00eda:<\/td>\n<td width=\"1116\">\u00a0600-800 (Ciclos De Carga Completa)<\/td>\n<\/tr>\n<tr>\n<td width=\"413\">Velocidad M\u00e1xima:<\/td>\n<td width=\"1116\">\u00a025 km\/h (GPS verificado)\u00a0 *conductor de 65 kg (velocidad limitada) \/ Bater\u00eda Nueva Con 100% De Carga<\/td>\n<\/tr>\n<tr>\n<td width=\"413\">Autonom\u00eda:<\/td>\n<td width=\"1116\"><b>\u00a035-45 km <\/b>@ Velocidad Media \/ Terreno Plano \/ Conductor De 65 Kg \/ Bater\u00eda Nueva Con 100% De Carga \/ Temperatura 25\u00b0C-35\u00b0C \/ Llanta Inflada \/ Manera de Conducci\u00f3n, etc.<\/p>\n<p>38 km @ arranca full y maneja en Lima \/ conductor de 65 kg<\/td>\n<\/tr>\n<tr>\n<td width=\"413\">Capacidad De Escalada:<\/td>\n<td width=\"1116\">\u00a0<u>&lt;<\/u> 9\u00b0 *conductor de 65 kg \/ Bater\u00eda Nueva Con 100% De Carga<\/td>\n<\/tr>\n<tr>\n<td width=\"413\">Carga M\u00e1xima (Kg)<\/td>\n<td width=\"1116\">\u00a0120 kg<\/td>\n<\/tr>\n<tr>\n<td width=\"413\">Altura del Piso A La Base (Cm):<\/td>\n<td width=\"1116\">\u00a010.5\u00a0\u00a0 *Con un conductor de 65 kg sentado<\/td>\n<\/tr>\n<tr>\n<td width=\"413\">Suspensi\u00f3n Delantera \/ Trasera:<\/td>\n<td width=\"1116\">\u00a0Telesc\u00f3pica \/ Doble Amortiguador<\/td>\n<\/tr>\n<tr>\n<td width=\"413\">Freno Delantero \/ Trasero:<\/td>\n<td width=\"1116\">\u00a0Tambor \/ Tambor<\/td>\n<\/tr>\n<tr>\n<td width=\"413\">Llanta Delantera \/ Trasera:<\/td>\n<td width=\"1116\">\u00a02.50-10 \/ 2.50-10, sin c\u00e1mara<\/td>\n<\/tr>\n<tr>\n<td width=\"413\">Tama\u00f1o &amp; Peso en Seco:<\/td>\n<td width=\"1116\">\u00a01465*610*1040mm \/ 50kg<\/td>\n<\/tr>\n<tr>\n<td colspan=\"2\" width=\"1529\">Tablero de pantalla digital \/ Alarma el\u00e9ctrica\u00a0 \/ <b>Puerto USB <\/b><b>con Porta Celular <\/b><i>(V.2021.07)<\/i><\/td>\n<\/tr>\n<tr>\n<td colspan=\"2\" width=\"1529\"><b>Veh\u00edculo de Movilidad Personal (VMP), Luz<\/b> <b>Intermitente<\/b><b>; <\/b><b>Velocidad Crucero; <\/b>100% el\u00e9ctrica tambi\u00e9n <b>con pedaleo<\/b>; faro LED; Claxon; posapi\u00e9; Luz direccional, Delantera, Trasera y de freno, canasta.<\/td>\n<\/tr>\n<\/tbody>\n<\/table>\n","protected":false},"featured_media":2634,"comment_status":"open","ping_status":"closed","template":"","meta":{"ocean_post_layout":"","ocean_both_sidebars_style":"","ocean_both_sidebars_content_width":0,"ocean_both_sidebars_sidebars_width":0,"ocean_sidebar":"0","ocean_second_sidebar":"0","ocean_disable_margins":"enable","ocean_add_body_class":"","ocean_shortcode_before_top_bar":"","ocean_shortcode_after_top_bar":"","ocean_shortcode_before_header":"","ocean_shortcode_after_header":"","ocean_has_shortcode":"","ocean_shortcode_after_title":"","ocean_shortcode_before_footer_widgets":"","ocean_shortcode_after_footer_widgets":"","ocean_shortcode_before_footer_bottom":"","ocean_shortcode_after_footer_bottom":"","ocean_display_top_bar":"default","ocean_display_header":"default","ocean_header_style":"","ocean_center_header_left_menu":"0","ocean_custom_header_template":"0","ocean_custom_logo":0,"ocean_custom_retina_logo":0,"ocean_custom_logo_max_width":0,"ocean_custom_logo_tablet_max_width":0,"ocean_custom_logo_mobile_max_width":0,"ocean_custom_logo_max_height":0,"ocean_custom_logo_tablet_max_height":0,"ocean_custom_logo_mobile_max_height":0,"ocean_header_custom_menu":"0","ocean_menu_typo_font_family":"0","ocean_menu_typo_font_subset":"","ocean_menu_typo_font_size":0,"ocean_menu_typo_font_size_tablet":0,"ocean_menu_typo_font_size_mobile":0,"ocean_menu_typo_font_size_unit":"px","ocean_menu_typo_font_weight":"","ocean_menu_typo_font_weight_tablet":"","ocean_menu_typo_font_weight_mobile":"","ocean_menu_typo_transform":"","ocean_menu_typo_transform_tablet":"","ocean_menu_typo_transform_mobile":"","ocean_menu_typo_line_height":0,"ocean_menu_typo_line_height_tablet":0,"ocean_menu_typo_line_height_mobile":0,"ocean_menu_typo_line_height_unit":"","ocean_menu_typo_spacing":0,"ocean_menu_typo_spacing_tablet":0,"ocean_menu_typo_spacing_mobile":0,"ocean_menu_typo_spacing_unit":"","ocean_menu_link_color":"","ocean_menu_link_color_hover":"","ocean_menu_link_color_active":"","ocean_menu_link_background":"","ocean_menu_link_hover_background":"","ocean_menu_link_active_background":"","ocean_menu_social_links_bg":"","ocean_menu_social_hover_links_bg":"","ocean_menu_social_links_color":"","ocean_menu_social_hover_links_color":"","ocean_disable_title":"default","ocean_disable_heading":"default","ocean_post_title":"","ocean_post_subheading":"","ocean_post_title_style":"","ocean_post_title_background_color":"","ocean_post_title_background":0,"ocean_post_title_bg_image_position":"","ocean_post_title_bg_image_attachment":"","ocean_post_title_bg_image_repeat":"","ocean_post_title_bg_image_size":"","ocean_post_title_height":0,"ocean_post_title_bg_overlay":0.5,"ocean_post_title_bg_overlay_color":"","ocean_disable_breadcrumbs":"default","ocean_breadcrumbs_color":"","ocean_breadcrumbs_separator_color":"","ocean_breadcrumbs_links_color":"","ocean_breadcrumbs_links_hover_color":"","ocean_display_footer_widgets":"default","ocean_display_footer_bottom":"default","ocean_custom_footer_template":"0","_glsr_average":0,"_glsr_ranking":0,"_glsr_reviews":0},"product_cat":[64],"product_tag":[],"class_list":{"0":"post-1532","1":"product","2":"type-product","3":"status-publish","4":"has-post-thumbnail","6":"product_cat-bicicleta-electrica","8":"entry","9":"has-media","11":"first","12":"outofstock","13":"sale","14":"shipping-taxable","15":"purchasable","16":"product-type-simple","17":"has-rating","18":"has-product-nav","19":"col","20":"span_1_of_3","21":"owp-content-center","22":"owp-thumbs-layout-horizontal","23":"owp-btn-normal","24":"owp-tabs-layout-horizontal"},"aioseo_notices":[],"_links":{"self":[{"href":"https:\/\/www.elektroenergype.com\/index.php?rest_route=\/wp\/v2\/product\/1532"}],"collection":[{"href":"https:\/\/www.elektroenergype.com\/index.php?rest_route=\/wp\/v2\/product"}],"about":[{"href":"https:\/\/www.elektroenergype.com\/index.php?rest_route=\/wp\/v2\/types\/product"}],"replies":[{"embeddable":true,"href":"https:\/\/www.elektroenergype.com\/index.php?rest_route=%2Fwp%2Fv2%2Fcomments&post=1532"}],"wp:featuredmedia":[{"embeddable":true,"href":"https:\/\/www.elektroenergype.com\/index.php?rest_route=\/wp\/v2\/media\/2634"}],"wp:attachment":[{"href":"https:\/\/www.elektroenergype.com\/index.php?rest_route=%2Fwp%2Fv2%2Fmedia&parent=1532"}],"wp:term":[{"taxonomy":"product_cat","embeddable":true,"href":"https:\/\/www.elektroenergype.com\/index.php?rest_route=%2Fwp%2Fv2%2Fproduct_cat&post=1532"},{"taxonomy":"product_tag","embeddable":true,"href":"https:\/\/www.elektroenergype.com\/index.php?rest_route=%2Fwp%2Fv2%2Fproduct_tag&post=1532"}],"curies":[{"name":"wp","href":"https:\/\/api.w.org\/{rel}","templated":true}]}}